{"id":263,"date":"2026-02-06T00:27:58","date_gmt":"2026-02-06T00:27:58","guid":{"rendered":"https:\/\/angloecuatoriana.com\/?page_id=263"},"modified":"2026-02-08T20:58:40","modified_gmt":"2026-02-08T20:58:40","slug":"pagina-refrigeracion","status":"publish","type":"page","link":"https:\/\/angloecuatoriana.com\/?page_id=263","title":{"rendered":"P\u00e1gina Refrigeraci\u00f3n"},"content":{"rendered":"\t\t<div data-elementor-type=\"wp-page\" data-elementor-id=\"263\" class=\"elementor elementor-263\" data-elementor-post-type=\"page\">\n\t\t\t\t<div class=\"elementor-element elementor-element-7ee69a4 e-flex e-con-boxed e-con e-parent\" data-id=\"7ee69a4\" data-element_type=\"container\" data-e-type=\"container\" data-settings=\"{&quot;background_background&quot;:&quot;slideshow&quot;,&quot;background_slideshow_gallery&quot;:[{&quot;id&quot;:48,&quot;url&quot;:&quot;https:\\\/\\\/angloecuatoriana.com\\\/wp-content\\\/uploads\\\/2026\\\/01\\\/Imagen-carrusel-refrigeracion-2.png&quot;},{&quot;id&quot;:40,&quot;url&quot;:&quot;https:\\\/\\\/angloecuatoriana.com\\\/wp-content\\\/uploads\\\/2026\\\/01\\\/Imagen-carrusel-refrigeracion-3.png&quot;},{&quot;id&quot;:42,&quot;url&quot;:&quot;https:\\\/\\\/angloecuatoriana.com\\\/wp-content\\\/uploads\\\/2026\\\/01\\\/22.png&quot;}],&quot;background_slideshow_slide_duration&quot;:3000,&quot;background_slideshow_loop&quot;:&quot;yes&quot;,&quot;background_slideshow_slide_transition&quot;:&quot;fade&quot;,&quot;background_slideshow_transition_duration&quot;:500}\">\n\t\t\t\t\t<div class=\"e-con-inner\">\n\t\t\t\t<div class=\"elementor-element elementor-element-6ef0c74 elementor-widget elementor-widget-heading\" data-id=\"6ef0c74\" data-element_type=\"widget\" data-e-type=\"widget\" data-widget_type=\"heading.default\">\n\t\t\t\t\t<h2 class=\"elementor-heading-title elementor-size-default\">Refrigeraci\u00f3n<\/h2>\t\t\t\t<\/div>\n\t\t\t\t\t<\/div>\n\t\t\t\t<\/div>\n\t\t<div class=\"elementor-element elementor-element-2986563 e-flex e-con-boxed e-con e-parent\" data-id=\"2986563\" data-element_type=\"container\" data-e-type=\"container\">\n\t\t\t\t\t<div class=\"e-con-inner\">\n\t\t<a class=\"elementor-element elementor-element-e5bd754 e-con-full e-transform e-flex e-con e-child\" data-id=\"e5bd754\" data-element_type=\"container\" data-e-type=\"container\" data-settings=\"{&quot;_transform_scale_effect_hover&quot;:{&quot;unit&quot;:&quot;px&quot;,&quot;size&quot;:1.100000000000000088817841970012523233890533447265625,&quot;sizes&quot;:[]},&quot;_transform_scale_effect_hover_tablet&quot;:{&quot;unit&quot;:&quot;px&quot;,&quot;size&quot;:&quot;&quot;,&quot;sizes&quot;:[]},&quot;_transform_scale_effect_hover_mobile&quot;:{&quot;unit&quot;:&quot;px&quot;,&quot;size&quot;:&quot;&quot;,&quot;sizes&quot;:[]}}\" href=\"https:\/\/angloecuatoriana.com\/?page_id=396\">\n\t\t\t\t<div class=\"elementor-element elementor-element-cd78f32 elementor-widget elementor-widget-image\" data-id=\"cd78f32\" data-element_type=\"widget\" data-e-type=\"widget\" data-widget_type=\"image.default\">\n\t\t\t\t\t\t\t\t\t\t\t\t\t\t\t<img fetchpriority=\"high\" decoding=\"async\" width=\"800\" height=\"800\" src=\"https:\/\/angloecuatoriana.com\/wp-content\/uploads\/2026\/02\/compresor-domestico-menos-px.png\" class=\"attachment-large size-large wp-image-281\" alt=\"\" srcset=\"https:\/\/angloecuatoriana.com\/wp-content\/uploads\/2026\/02\/compresor-domestico-menos-px.png 1024w, https:\/\/angloecuatoriana.com\/wp-content\/uploads\/2026\/02\/compresor-domestico-menos-px-300x300.png 300w, https:\/\/angloecuatoriana.com\/wp-content\/uploads\/2026\/02\/compresor-domestico-menos-px-150x150.png 150w, https:\/\/angloecuatoriana.com\/wp-content\/uploads\/2026\/02\/compresor-domestico-menos-px-768x768.png 768w\" sizes=\"(max-width: 800px) 100vw, 800px\" \/>\t\t\t\t\t\t\t\t\t\t\t\t\t\t\t<\/div>\n\t\t\t\t<div class=\"elementor-element elementor-element-3754544 elementor-widget elementor-widget-heading\" data-id=\"3754544\" data-element_type=\"widget\" data-e-type=\"widget\" data-widget_type=\"heading.default\">\n\t\t\t\t\t<h2 class=\"elementor-heading-title elementor-size-default\">Compresores Dom\u00e9sticos<\/h2>\t\t\t\t<\/div>\n\t\t\t\t<\/a>\n\t\t<a class=\"elementor-element elementor-element-a5cef25 e-con-full e-transform e-flex e-con e-child\" data-id=\"a5cef25\" data-element_type=\"container\" data-e-type=\"container\" data-settings=\"{&quot;_transform_scale_effect_hover&quot;:{&quot;unit&quot;:&quot;px&quot;,&quot;size&quot;:1.100000000000000088817841970012523233890533447265625,&quot;sizes&quot;:[]},&quot;_transform_scale_effect_hover_tablet&quot;:{&quot;unit&quot;:&quot;px&quot;,&quot;size&quot;:&quot;&quot;,&quot;sizes&quot;:[]},&quot;_transform_scale_effect_hover_mobile&quot;:{&quot;unit&quot;:&quot;px&quot;,&quot;size&quot;:&quot;&quot;,&quot;sizes&quot;:[]}}\" href=\"https:\/\/angloecuatoriana.com\/?page_id=416\">\n\t\t\t\t<div class=\"elementor-element elementor-element-592f1c5 elementor-widget elementor-widget-image\" data-id=\"592f1c5\" data-element_type=\"widget\" data-e-type=\"widget\" data-widget_type=\"image.default\">\n\t\t\t\t\t\t\t\t\t\t\t\t\t\t\t<img decoding=\"async\" width=\"800\" height=\"800\" src=\"https:\/\/angloecuatoriana.com\/wp-content\/uploads\/2026\/02\/compresor-comercial-menos-px.png\" class=\"attachment-large size-large wp-image-280\" alt=\"\" srcset=\"https:\/\/angloecuatoriana.com\/wp-content\/uploads\/2026\/02\/compresor-comercial-menos-px.png 1024w, https:\/\/angloecuatoriana.com\/wp-content\/uploads\/2026\/02\/compresor-comercial-menos-px-300x300.png 300w, https:\/\/angloecuatoriana.com\/wp-content\/uploads\/2026\/02\/compresor-comercial-menos-px-150x150.png 150w, https:\/\/angloecuatoriana.com\/wp-content\/uploads\/2026\/02\/compresor-comercial-menos-px-768x768.png 768w\" sizes=\"(max-width: 800px) 100vw, 800px\" \/>\t\t\t\t\t\t\t\t\t\t\t\t\t\t\t<\/div>\n\t\t\t\t<div class=\"elementor-element elementor-element-98141e5 elementor-widget elementor-widget-heading\" data-id=\"98141e5\" data-element_type=\"widget\" data-e-type=\"widget\" data-widget_type=\"heading.default\">\n\t\t\t\t\t<h2 class=\"elementor-heading-title elementor-size-default\">Compresores de Refrigeraci\u00f3n Comercial<\/h2>\t\t\t\t<\/div>\n\t\t\t\t<\/a>\n\t\t<a class=\"elementor-element elementor-element-7d0292f e-con-full e-transform e-flex e-con e-child\" data-id=\"7d0292f\" data-element_type=\"container\" data-e-type=\"container\" data-settings=\"{&quot;_transform_scale_effect_hover&quot;:{&quot;unit&quot;:&quot;px&quot;,&quot;size&quot;:1.100000000000000088817841970012523233890533447265625,&quot;sizes&quot;:[]},&quot;_transform_scale_effect_hover_tablet&quot;:{&quot;unit&quot;:&quot;px&quot;,&quot;size&quot;:&quot;&quot;,&quot;sizes&quot;:[]},&quot;_transform_scale_effect_hover_mobile&quot;:{&quot;unit&quot;:&quot;px&quot;,&quot;size&quot;:&quot;&quot;,&quot;sizes&quot;:[]}}\" href=\"https:\/\/angloecuatoriana.com\/?page_id=470\">\n\t\t\t\t<div class=\"elementor-element elementor-element-7f49091 elementor-widget elementor-widget-image\" data-id=\"7f49091\" data-element_type=\"widget\" data-e-type=\"widget\" data-widget_type=\"image.default\">\n\t\t\t\t\t\t\t\t\t\t\t\t\t\t\t<img decoding=\"async\" width=\"800\" height=\"800\" src=\"https:\/\/angloecuatoriana.com\/wp-content\/uploads\/2026\/02\/icono-unidad-condensadora-07-1024x1024.png\" class=\"attachment-large size-large wp-image-271\" alt=\"\" srcset=\"https:\/\/angloecuatoriana.com\/wp-content\/uploads\/2026\/02\/icono-unidad-condensadora-07-1024x1024.png 1024w, https:\/\/angloecuatoriana.com\/wp-content\/uploads\/2026\/02\/icono-unidad-condensadora-07-300x300.png 300w, https:\/\/angloecuatoriana.com\/wp-content\/uploads\/2026\/02\/icono-unidad-condensadora-07-150x150.png 150w, https:\/\/angloecuatoriana.com\/wp-content\/uploads\/2026\/02\/icono-unidad-condensadora-07-768x768.png 768w, https:\/\/angloecuatoriana.com\/wp-content\/uploads\/2026\/02\/icono-unidad-condensadora-07-1536x1536.png 1536w, https:\/\/angloecuatoriana.com\/wp-content\/uploads\/2026\/02\/icono-unidad-condensadora-07-2048x2048.png 2048w\" sizes=\"(max-width: 800px) 100vw, 800px\" \/>\t\t\t\t\t\t\t\t\t\t\t\t\t\t\t<\/div>\n\t\t\t\t<div class=\"elementor-element elementor-element-ec8c5a2 elementor-widget elementor-widget-heading\" data-id=\"ec8c5a2\" data-element_type=\"widget\" data-e-type=\"widget\" data-widget_type=\"heading.default\">\n\t\t\t\t\t<h2 class=\"elementor-heading-title elementor-size-default\">Unidades Condensadoras<\/h2>\t\t\t\t<\/div>\n\t\t\t\t<\/a>\n\t\t<a class=\"elementor-element elementor-element-93da597 e-con-full e-transform e-flex e-con e-child\" data-id=\"93da597\" data-element_type=\"container\" data-e-type=\"container\" data-settings=\"{&quot;_transform_scale_effect_hover&quot;:{&quot;unit&quot;:&quot;px&quot;,&quot;size&quot;:1.100000000000000088817841970012523233890533447265625,&quot;sizes&quot;:[]},&quot;_transform_scale_effect_hover_tablet&quot;:{&quot;unit&quot;:&quot;px&quot;,&quot;size&quot;:&quot;&quot;,&quot;sizes&quot;:[]},&quot;_transform_scale_effect_hover_mobile&quot;:{&quot;unit&quot;:&quot;px&quot;,&quot;size&quot;:&quot;&quot;,&quot;sizes&quot;:[]}}\" href=\"https:\/\/angloecuatoriana.com\/?page_id=505\">\n\t\t\t\t<div class=\"elementor-element elementor-element-637603f elementor-widget elementor-widget-image\" data-id=\"637603f\" data-element_type=\"widget\" data-e-type=\"widget\" data-widget_type=\"image.default\">\n\t\t\t\t\t\t\t\t\t\t\t\t\t\t\t<img loading=\"lazy\" decoding=\"async\" width=\"800\" height=\"800\" src=\"https:\/\/angloecuatoriana.com\/wp-content\/uploads\/2026\/02\/icono-evaporador-07-1024x1024.png\" class=\"attachment-large size-large wp-image-269\" alt=\"\" srcset=\"https:\/\/angloecuatoriana.com\/wp-content\/uploads\/2026\/02\/icono-evaporador-07-1024x1024.png 1024w, https:\/\/angloecuatoriana.com\/wp-content\/uploads\/2026\/02\/icono-evaporador-07-300x300.png 300w, https:\/\/angloecuatoriana.com\/wp-content\/uploads\/2026\/02\/icono-evaporador-07-150x150.png 150w, https:\/\/angloecuatoriana.com\/wp-content\/uploads\/2026\/02\/icono-evaporador-07-768x768.png 768w, https:\/\/angloecuatoriana.com\/wp-content\/uploads\/2026\/02\/icono-evaporador-07-1536x1536.png 1536w, https:\/\/angloecuatoriana.com\/wp-content\/uploads\/2026\/02\/icono-evaporador-07-2048x2048.png 2048w\" sizes=\"(max-width: 800px) 100vw, 800px\" \/>\t\t\t\t\t\t\t\t\t\t\t\t\t\t\t<\/div>\n\t\t\t\t<div class=\"elementor-element elementor-element-ea6e714 elementor-widget elementor-widget-heading\" data-id=\"ea6e714\" data-element_type=\"widget\" data-e-type=\"widget\" data-widget_type=\"heading.default\">\n\t\t\t\t\t<h2 class=\"elementor-heading-title elementor-size-default\">Evaporadores<\/h2>\t\t\t\t<\/div>\n\t\t\t\t<\/a>\n\t\t\t\t\t<\/div>\n\t\t\t\t<\/div>\n\t\t\t\t<\/div>\n\t\t","protected":false},"excerpt":{"rendered":"<p>Refrigeraci\u00f3n Compresores Dom\u00e9sticos Compresores de Refrigeraci\u00f3n Comercial Unidades Condensadoras Evaporadores<\/p>\n","protected":false},"author":1,"featured_media":0,"parent":0,"menu_order":0,"comment_status":"closed","ping_status":"closed","template":"elementor_header_footer","meta":{"footnotes":""},"class_list":["post-263","page","type-page","status-publish","hentry"],"_links":{"self":[{"href":"https:\/\/angloecuatoriana.com\/index.php?rest_route=\/wp\/v2\/pages\/263","targetHints":{"allow":["GET"]}}],"collection":[{"href":"https:\/\/angloecuatoriana.com\/index.php?rest_route=\/wp\/v2\/pages"}],"about":[{"href":"https:\/\/angloecuatoriana.com\/index.php?rest_route=\/wp\/v2\/types\/page"}],"author":[{"embeddable":true,"href":"https:\/\/angloecuatoriana.com\/index.php?rest_route=\/wp\/v2\/users\/1"}],"replies":[{"embeddable":true,"href":"https:\/\/angloecuatoriana.com\/index.php?rest_route=%2Fwp%2Fv2%2Fcomments&post=263"}],"version-history":[{"count":40,"href":"https:\/\/angloecuatoriana.com\/index.php?rest_route=\/wp\/v2\/pages\/263\/revisions"}],"predecessor-version":[{"id":509,"href":"https:\/\/angloecuatoriana.com\/index.php?rest_route=\/wp\/v2\/pages\/263\/revisions\/509"}],"wp:attachment":[{"href":"https:\/\/angloecuatoriana.com\/index.php?rest_route=%2Fwp%2Fv2%2Fmedia&parent=263"}],"curies":[{"name":"wp","href":"https:\/\/api.w.org\/{rel}","templated":true}]}}